d
Convert -108377 (base 10) to base 3.
-12111122222
46323 (base 10) to base 12
22983
What is 62158 (base 11) in base 9?
147358
Convert -11110001011010110110101 (base 2) to base 4.
-132023112311
21201111121 (base 3) to base 2
100101000110111111
Convert 1936669 (base 11) to base 13.
8a8125
What is 530155151 (base 6) in base 16?
8d31ab
What is -39a442 (base 15) in base 10?
-2768462
5eccb (base 16) to base 2
1011110110011001011
20305204 (base 6) to base 5
122144411
Convert -32b716 (base 14) to base 10.
-1721880
Convert -44622461 (base 7) to base 6.
-214550505
-1445b19 (base 12) to base 10
-4074501
Convert 55267b (base 12) to base 5.
321233010
-4135505 (base 7) to base 13
-14503a
-31032302101 (base 4) to base 14
-664013
What is 60016724 (base 8) in base 9?
25618877
2388100 (base 9) to base 15
1a9ac0
What is 36027 (base 12) in base 4?
101232133
Convert 232311202 (base 4) to base 16.
2ed62
What is -36d21 (base 16) in base 12?
-a9b41
What is 1010101010110010101 (base 2) in base 7?
2654132
Convert 7115666 (base 8) to base 4.
13021232312
Convert -2066701 (base 9) to base 8.
-4162366
Convert -100122002100 (base 3) to base 13.
-683bb
What is -4243423 (base 5) in base 3?
-10122101222
What is 49ddd4 (base 15) in base 12?
1228824
Convert 15561993 (base 10) to base 9.
32248033
Convert 1442312102 (base 5) to base 16.
3b0bd4
Convert 374647 (base 11) to base 15.
ba4e6
Convert 28a0c (base 15) to base 5.
13134022
-993229 (base 14) to base 10
-5194821
What is 5c646 (base 14) in base 5?
24214441
What is 21011212122200 (base 3) in base 5?
1434103223
10010000110101010 (base 2) to base 15
16e89
What is 1100111110101110 (base 2) in base 8?
147656
What is -24c6e (base 15) in base 13?
-41678
What is -19f327 (base 16) in base 7?
-20312104
What is -543451 (base 7) in base 12?
-46b04
112102221200 (base 3) to base 10
284274
What is 21120220200212 (base 3) in base 16?
3d8b39
Convert -6a9c9 (base 15) to base 3.
-122021000000
-7324 (base 16) to base 15
-8b01
Convert -1210102112 (base 3) to base 4.
-20213213
Convert 227357 (base 9) to base 13.
4a251
12141554 (base 6) to base 3
201122100221
What is 1cb79 (base 16) in base 5?
12231000
Convert 137237 (base 9) to base 6.
1445011
Convert -20303332113 (base 4) to base 8.
-10637627
-443013322 (base 5) to base 10
-1922962
-bc53a (base 14) to base 6
-13441332
-901a (base 12) to base 7
-63256
What is -74893 (base 14) in base 9?
-468232
What is 101211102020000 (base 3) in base 9?
11742200
6633431 (base 9) to base 16
36666a
Convert -126654 (base 11) to base 9.
-333106
Convert -195b4 (base 14) to base 12.
-31222
Convert 11eea (base 16) to base 10.
73450
What is -2121122202121 (base 3) in base 8?
-5234247
Convert -20b047c (base 14) to base 12.
-522797a
Convert -482da (base 15) to base 5.
-24331110
What is 101104 (base 9) in base 12?
2a787
What is -2031055 (base 7) in base 10?
-242884
801bc7 (base 14) to base 13
b7a920
What is -232023223220 (base 4) in base 5?
-11044401342
Convert -1010011011011101100 (base 2) to base 16.
-536ec
Convert 2eccb9 (base 15) to base 10.
2270874
-410123212 (base 5) to base 8
-6215570
Convert 1030332310 (base 4) to base 8.
1147664
Convert -939c0 (base 14) to base 2.
-1010110111001000100
What is -e5a (base 15) in base 3?
-11102211
What is 3032142 (base 9) in base 7?
16506104
-22120221102 (base 3) to base 2
-101001010001111101
What is -356219 (base 11) in base 10?
-564606
Convert 5062363 (base 11) to base 6.
515445213
1556797 (base 10) to base 5
344304142
Convert -20707088 (base 9) to base 5.
-10024000324
Convert -245242 (base 8) to base 11.
-58658
What is -ad21ab (base 14) in base 3?
-102001220121210
-35801 (base 12) to base 15
-16501
-86a457 (base 11) to base 12
-570566
What is 1275117 (base 10) in base 9?
2353116
Convert -11010022012 (base 3) to base 11.
-55a64
What is -161032 (base 13) in base 11?
-342431
-32814 (base 13) to base 16
-16536
-1100220211002 (base 3) to base 10
-726680
Convert -1011030302 (base 4) to base 9.
-471725
Convert 2311020333 (base 4) to base 8.
2651077
390034 (base 10) to base 12
16986a
Convert -3723865 (base 10) to base 2.
-1110001101001001011001
23754301 (base 9) to base 12
3a7a601
-21110101122 (base 3) to base 2
-100011110110000000
14403122 (base 5) to base 7
1206426
What is -2269a7 (base 13) in base 16?
-c6dd4
Convert -a6669 (base 13) to base 14.
-7b40d
Convert -4249a8 (base 16) to base 3.
-22011201011111
What is -10102221001010 (base 3) in base 7?
-21355425
-132232422 (base 5) to base 14
-134373
-10010101001100100110100 (base 2) to base 3
-100012101021210
What is 1013103301 (base 4) in base 15?
5b821
Convert 50089 (base 15) to base 5.
31101004
1001100110011101010 (base 2) to base 10
314602
Convert -21002121220022 (base 3) to base 15.
-4e7868
-2553125 (base 6) to base 4
-202001231
48da8 (base 16) to base 2
1001000110110101000
Convert 5b402 (base 15) to base 5.
33304102
What is 6aa4b (base 16) in base 10?
436811
-21db5 (base 15) to base 6
-2150412
Convert -115222412 (base 6) to base 7.
-24540461
-310324424 (base 5) to base 4
-10303322313
Convert -4d25e9 (base 15) to base 4.
-32020032213
What is -11001010111110100000 (base 2) in base 16?
-cafa0
-102111202 (base 4) to base 7
-431653
21203442 (base 5) to base 11
112224
-11211120002 (base 3) to base 14
-26985
-12200101010101 (base 3) to base 8
-13410200
Convert -1639437 (base 10) to base 8.
-6202015
What is 211212120 (base 3) in base 5?
1013144
280663 (base 9) to base 12
83049
Convert 11b1a3b (base 12) to base 3.
20112002122002
16952 (base 16) to base 9
150785
What is -300939 (base 15) in base 16?
-22cb0c
Convert -21111212102221 (base 3) to base 2.
-1111001110110111011111
What is -1085887 (base 9) in base 6?
-20335341
Convert -45104 (base 15) to base 3.
-102011020111
What is -321013122132 (base 4) in base 8?
-71073236
Convert -c638d (base 14) to base 2.
-1110100101111011001
-175962 (base 11) to base 15
-55600
Convert -17714292 (base 10) to base 2.
-1000011100100110001110100
What is 53d67d (base 14) in base 6?
140522143
-2032133220 (base 4) to base 15
-b7e06
What is 57474 (base 8) in base 14?
8c56
What is -1245354 (base 6) in base 11?
-47607
1222112120 (base 3) to base 15
b870
Convert 28c313 (base 13) to base 4.
3303221021
Convert -1511622 (base 7) to base 6.
-4215510
-cf27d (base 16) to base 11
-52a552
What is -183286 (base 15) in base 6?
-41104100
Convert 51a55 (base 12) to base 5.
11410123
-e1d1 (base 16) to base 4
-32013101
-10210200200 (base 3) to base 4
-102101232
-447a66 (base 13) to base 11
-a04609
-76592 (base 11) to base 12
-5440b
602625 (base 11) to base 10
969721
-12011202002112 (base 3) to base 13
-753c86
-212220 (base 11) to base 16
-52ed5
469147 (base 12) to base 8
4251607
-395094 (base 10) to base 16
-60756
a3203 (base 11) to base 9
248576
-110011110010011111001 (base 2) to base 10
-1697017
What is -1b399 (base 13) in base 7?
-311400
What is -9c53a (base 16) in base 9?
-1175310
What is -1000021101 (base 3) in base 14?
-7362
Convert 113321111 (base 4) to base 15.
1e002
4045442 (base 6) to base 8
571042
11010010001111010011 (base 2) to base 4
3102033103
What is -2121000021011 (base 3) in base 13?
-3932b3
-36bbb (base 13) to base 3
-12010101020
What is -36103547 (base 8) in base 10?
-7898983
178723 (base 12) to base 13
114126
-19b822 (base 12) to base 13
-12c515
What is 10cd75 (base 14) in base 2?
10001011111111011011
Convert -191390 (base 11) to base 10.
-294613
1530036 (base 9) to base 11
528a07
Convert bc7597 (base 14) to base 8.
30316701
-33000400 (base 5) to base 15
-5856a
What is 24b37 (base 16) in base 5?
14302302
Convert 4410a4 (base 16) to base 7.
52625660
-1021011002 (base 4) to base 12
-125282
What is -31431002 (base 6) in base 7?
-10556045
12200022021002 (base 3) to base 5
1233030042
22e69 (base 15) to base 2
11011001010010001
Convert 643a68 (base 15) to base 5.
2210134343
What is -115311 (base 9) in base 10?
-69508
-120002001 (base 4) to base 13
-35a5a
62137 (base 11) to base 13
32367
What is 13612 (base 9) in base 3?
110200102
Convert -255530 (base 11) to base 2.
-1100010010010101000
What is -d1700 (base 14) in base 7?
-4165000
Convert 34536401 (base 7) to base 15.
3ee298
What is -1594670 (base 10) in base 11?
-99a110
-2101220121122 (base 3) to base 15
-1a3872
What is -223202035 (base 6) in base 12?
-144631b
12111